 by 1042.
1041
What is the remainder when 48891 is divided by 457?
449
What is the remainder when 43845 is divided by 16?
5
Calculate the remainder when 3579 is divided by 1178.
45
Calculate the remainder when 22236 is divided by 10.
6
Calculate the remainder when 361781 is divided by 37.
32
Calculate the remainder when 23995 is divided by 7978.
61
Calculate the remainder when 2995 is divided by 641.
431
What is the remainder when 836535 is divided by 37?
2
Calculate the remainder when 5295 is divided by 417.
291
Calculate the remainder when 31327 is divided by 65.
62
What is the remainder when 129489 is divided by 3320?
9
Calculate the remainder when 23299 is divided by 8.
3
Calculate the remainder when 180113 is divided by 13849.
76
Calculate the remainder when 1824 is divided by 261.
258
What is the remainder when 16461 is divided by 158?
29
Calculate the remainder when 3027 is divided by 2073.
954
What is the remainder when 4206 is divided by 283?
244
What is the remainder when 36328 is divided by 24?
16
Calculate the remainder when 1165 is divided by 447.
271
What is the remainder when 323114 is divided by 123?
116
What is the remainder when 74256 is divided by 1304?
1232
Calculate the remainder when 58653 is divided by 11.
1
Calculate the remainder when 1164 is divided by 539.
86
What is the remainder when 15704 is divided by 239?
169
Calculate the remainder when 1950 is divided by 688.
574
What is the remainder when 113957 is divided by 1075?
7
What is the remainder when 31129 is divided by 7778?
17
What is the remainder when 2338 is divided by 384?
34
Calculate the remainder when 16437 is divided by 4.
1
What is the remainder when 2078 is divided by 669?
71
What is the remainder when 8771 is divided by 2609?
944
Calculate the remainder when 499819 is divided by 58.
33
Calculate the remainder when 296 is divided by 283.
13
Calculate the remainder when 18783 is divided by 10.
3
Calculate the remainder when 14573 is divided by 4335.
1568
Calculate the remainder when 1168 is divided by 72.
16
Calculate the remainder when 2862 is divided by 284.
22
Calculate the remainder when 4087 is divided by 1984.
119
What is the remainder when 48560 is divided by 36?
32
Calculate the remainder when 4140097 is divided by 5.
2
Calculate the remainder when 2435 is divided by 1113.
209
Calculate the remainder when 59521 is divided by 13.
7
Calculate the remainder when 2051 is divided by 367.
216
Calculate the remainder when 10527 is divided by 117.
114
Calculate the remainder when 24707 is divided by 188.
79
What is the remainder when 1127608 is divided by 6?
4
What is the remainder when 7720 is divided by 42?
34
What is the remainder when 2306 is divided by 74?
12
What is the remainder when 8580 is divided by 41?
11
Calculate the remainder when 187492 is divided by 17.
16
What is the remainder when 974442 is divided by 63?
21
What is the remainder when 24136 is divided by 196?
28
What is the remainder when 26076 is divided by 207?
201
Calculate the remainder when 10934 is divided by 188.
30
What is the remainder when 149851 is divided by 697?
693
Calculate the remainder when 55658 is divided by 580.
558
What is the remainder when 1238165 is divided by 8?
5
What is the remainder when 3269 is divided by 204?
5
What is the remainder when 1020 is divided by 6?
0
Calculate the remainder when 1554 is divided by 54.
42
Calculate the remainder when 1443741 is divided by 18.
15
What is the remainder when 2123 is divided by 22?
11
Calculate the remainder when 11744 is divided by 10.
4
Calculate the remainder when 4872 is divided by 1208.
40
Calculate the remainder when 2407 is divided by 218.
9
Calculate the remainder when 39614 is divided by 13202.
8
What is the remainder when 243391 is divided by 763?
757
What is the remainder when 79497 is divided by 12?
9
Calculate the remainder when 152677 is divided by 574.
567
Calculate the remainder when 7218616 is divided by 183.
181
Calculate the remainder when 208721 is divided by 363.
359
What is the remainder when 100571 is divided by 115?
61
What is the remainder when 1033479 is divided by 7889?
20
Calculate the remainder when 10139 is divided by 268.
223
What is the remainder when 3037 is divided by 754?
21
What is the remainder when 8432 is divided by 241?
238
Calculate the remainder when 2681 is divided by 719.
524
What is the remainder when 31855 is divided by 15919?
17
Calculate the remainder when 1559 is divided by 109.
33
Calculate the remainder when 414391 is divided by 188.
39
Calculate the remainder when 323604 is divided by 469.
463
Calculate the remainder when 2500 is divided by 52.
4
What is the remainder when 8879 is divided by 76?
63
What is the remainder when 6705382 is divided by 14?
12
Calculate the remainder when 9538 is divided by 199.
185
Calculate the remainder when 17873 is divided by 8825.
223
What is the remainder when 46505 is divided by 861?
11
Calculate the remainder when 4332516 is divided by 751.
748
Calculate the remainder when 9360 is divided by 74.
36
What is the remainder when 2993 is divided by 2262?
731
What is the remainder when 48925 is divided by 45?
10
Calculate the remainder when 82596 is divided by 201.
186
What is the remainder when 11198 is divided by 10?
8
Calculate the remainder when 2006 is divided by 1034.
972
What is the remainder when 50369 is divided by 22?
11
What is the remainder when 17511 is divided by 407?
10
What is the remainder when 1926 is divided by 77?
1
Calculate the remainder when 23917 is divided by 130.
127
Calculate the remainder when 3498 is divided by 185.
168
What is the remainder when 30007 is divided by 42?
19
What is the remainder when 29994 is divided by 256?
42
What is the remainder when 253186 is divided by 74?
32
What is the remainder when 152957 is divided by 2467?
3
Calculate the remainder when 4952 is divided by 459.
362
What is the remainder when 8836 is divided by 8401?
435
What is the remainder when 56063 is divided by 262?
257
Calculate the remainder when 2113465 is divided by 1299.
1291
What is the remainder when 7326 is divided by 7326?
0
Calculate the remainder when 51749 is divided by 35.
19
What is the remainder when 116609 is divided by 29152?
1
Calculate the remainder when 2859 is divided by 990.
879
Calculate the remainder when 14571 is divided by 115.
81
What is the remainder when 1164995 is divided by 42?
41
Calculate the remainder when 97573 is divided by 13939.
0
What is the remainder when 23368 is divided by 974?
966
Calculate the remainder when 626194 is divided by 13.
10
Calculate the remainder when 31384 is divided by 4482.
10
What is the remainder when 50074 is divided by 895?
849
Calculate the remainder when 2937 is divided by 2933.
4
What is the remainder when 1593 is divided by 8?
1
Calculate the remainder when 148991 is divided by 20.
11
What is the remainder when 2205 is divided by 266?
77
What is the remainder when 19140 is divided by 3828?
0
What is the remainder when 8561 is divided by 4277?
7
What is the remainder when 734 is divided by 188?
170
Calculate the remainder when 3224 is divided by 670.
544
What is the remainder when 7482 is divided by 3?
0
What is the remainder when 161243 is divided by 123?
113
Calculate the remainder when 46154 is divided by 17.
16
What is the remainder when 3633 is divided by 215?
193
Calculate the remainder when 8963 is divided by 582.
233
What is the remainder when 9078 is divided by 4524?
30
What is the remainder when 6438 is divided by 296?
222
What is the remainder when 5188 is divided by 1297?
0
Calculate the remainder when 6877 is divided by 692.
649
Calculate the remainder when 3653 is divided by 748.
661
Calculate the remainder when 20594803 is divided by 55.
53
What is the remainder when 103324 is divided by 160?
124
Calculate the remainder when 4447 is divided by 49.
37
What is the remainder when 5705 is divided by 1251?
701
Calculate the remainder when 4061 is divided by 965.
201
What is the remainder when 10123 is divided by 39?
22
Calculate the remainder when 1036 is divided by 1012.
24
What is the remainder when 280727 is divided by 46786?
11
What is the remainder when 1258286 is divided by 279?
275
Calculate the remainder when 6598 is divided by 139.
65
What